at is the value of (-10 - -11) + 10 - 6 - (-6 - 0)?
11
(4 - 29) + (-5 - 10 - -36) + -10
-14
(8 + 0 - -3) + -15 - -67
63
Calculate (-21 - -64) + -52 + (5 - -52).
48
What is the value of (-194 + 196 - (31 - -1)) + -9?
-39
Evaluate (-22 - -19) + -2 - -43.
38
What is the value of -2 + 3 + 31 + -63 + 64?
33
Evaluate -134 - (6 + -44 - 4 - -40).
-132
Evaluate (18 - 1) + (-4 - -51) + -72 + (-6 - 1).
-15
What is (-1 - 39) + 100 + -122 + (18 - -1)?
-43
Evaluate 0 + 8 + 95 + -24 + -21.
58
Evaluate -3 + -262 - (1296 - 1448).
-113
What is the value of 44 - (9 + -1 + 7 + -9 + 4 + -20)?
54
Calculate -1 - (-17 - 2 - 4 - (-105 + 96)).
13
What is -6 + (5 - (25 + -10)) + 6?
-10
-35 - 1 - (243 - (302 - -102))
125
What is ((541 - 533) + (-3 - 0) - (1 - -13)) + -27?
-36
Calculate 0 - (-12 - -62 - (6 + -1)).
-45
What is 2 - 30 - (80 - 64)?
-44
What is the value of -4 - -2 - -24 - (-174 - -220)?
-24
What is the value of (17 + (-17 + 13 - 0) - -41) + -12?
42
Evaluate -1 + -2 + 28 + (64 - (55 + -1)).
35
-62 - (46 - (29 - (-7 - -10)))
-82
23 + -4 - (17 + (-4 - (4 - 2)))
8
What is the value of (28 - (-77 - (-30 + 15))) + (-2 - -4 - 2)?
90
What is 0 + -64 - (875 - 929)?
-10
Evaluate 8 + (14 - -4) + -2 + 24 + (-13 - -21).
56
Calculate (5 + 2 - 11) + (19 - (5 - 14)) + -11.
13
What is (15 - 29 - -41) + 52 + -5?
74
Calculate -2 + -3 + 17 + (88 - (30 + 25)).
45
Calculate -2 - 126 - (86 - (-132 - -235)).
-111
What is 13 + 10 + -18 + -1 + -3 - (1 + -63)?
63
(3 + 58 - 3 - (-247 + 263)) + -17
25
(-12 - -16 - -12) + 42 - ((-10 - -9) + -3)
62
-14 + (16 - -5 - -4) - 52
-41
Calculate 24 + 0 + (-91 - -59 - (-31 + -1)).
24
Evaluate 152 - (46 - -200) - -135.
41
(1 - 0) + -3 - ((97 - 288) + 162)
27
Evaluate -16 - -2 - (54 + 19 + -29 + 5).
-63
Calculate 4 - 5 - (-429 + 424).
4
What is the value of -18 - (25 + 49 + -44)?
-48
What is 117 - (-27 - -46) - 64?
34
Calculate -97 + 41 - -33 - -134 - 16.
95
Evaluate (6 - -10 - 3) + -13.
0
What is the value of 27 + 6 - ((7 - 10 - -1) + 5)?
30
Calculate 23 + -98 + 16 + 39.
-20
Calculate -75 + (-4 - (2 - 15)) + (24 - (-8 + 24)).
-58
What is (25 - -23) + -51 - 26?
-29
0 + (6 - (5 - 2)) + (3 - (188 + -171))
-11
Evaluate (-2 - (-7 + -12) - 7 - 0) + (-238 - -133).
-95
What is the value of -22 + 2 - (-8 + 4 + 1 + -8)?
-9
What is (-12 - -5) + 30 - (107 + -91)?
7
Calculate -15 - (-27 + -27 - -5).
34
What is the value of (6 - (-33 - -8)) + -20 - (1 - 0 - 1)?
11
Calculate -2344 + 2375 - (107 + 4).
-80
Calculate (-16 - -5) + 2 + -2 + (45 - 22) + -10.
2
-158 + 242 + (-11 - -8) + -19
62
What is -3624 + 3595 - (2 - (-3 + 3 + 12))?
-19
Calculate 10 + -1 + 41 + 33 - (11 - 1).
73
Evaluate -47 - (35 + -21 - 62).
1
What is 3 + (8 + -62 - (-31 + 27))?
-47
Calculate 25 - (-6 + (-9 - -2 - (-38 - -19))).
19
Evaluate -14 + (45 - -11 - 93).
-51
What is 6 + -16 - (18 - (26 - 20)) - (-7 - 0)?
-15
Evaluate -15 + 15 + 68 - 126.
-58
What is -101 + 58 + -189 + 138?
-94
What is the value of 113 - (-256 - -96 - -147)?
126
Calculate (81 - 96) + (2 - (-7 - -14)).
-20
Calculate (30 - (-10 - (-37 - -23))) + 18.
44
Calculate -101 - (-455 + 365) - (-1 - (-1 - -1)).
-10
Calculate 71 - (-1 + 18 + (1083 - 1085)).
56
-24 - -33 - (22 + -3 - 9)
-1
Calculate -1 - (-64 + (28 - 22) - 15).
72
What is 41 - (-1 + 0) - ((-481 - -338) + 129)?
56
What is the value of (8 - -3) + (-194 - -172) - 46?
-57
Calculate (-7 + -5 + 8 - (2 + -5 + -1)) + 83.
83
Evaluate -21 + (-17 - -58) + -23 - (1 + 0).
-4
(-18 + 12 + 12 - (6 - -8)) + -4 + -4
-16
What is (-17 - (24 + -19) - -37) + 21?
36
15 + 15 + (20 + -35 - (-13 + 4))
24
What is (-27 - -15) + 69 + -27 - -1?
31
Calculate -14 - (19 - 7) - -50 - 49.
-25
What is 6 + 32 + -15 - (5 + 12)?
6
Evaluate 12 - -63 - ((-5 - -14) + (-5 - -2)).
69
Calculate 0 + (4 - (60 - 0)) + (-56 - (42 + -104)).
-50
-5 + (4 - -1) + (20 - 65) - (26 - 34)
-37
-1 + 3 - (10 + -28 + (28 - -1))
-9
What is 42 + (34 - -27) + -69 + (0 - 2 - -13)?
45
-1 - (1 - 15) - (-2279 + 2399 + (1 - 65))
-43
Calculate -15 - ((-9 - -21) + -88).
61
Calculate -6 + -90 + -2 - (-80 - -50 - (-26 + 0)).
-94
Evaluate 28 + 9 + -9 + 4.
32
Calculate 13 + (1 - 75) + 144.
83
Calculate 3716 - 3702 - (-1 + 42).
-27
Calculate 44 - 32 - (-19 + 25 + 32 + 1).
-27
Evaluate (15 - -16) + (16 - 65) + -62.
-80
Calculate 10 + (12 - 12 - 7) + 3 + -32.
-26
Calculate 13 - (-7 + -10 + -30) - 19.
41
What is the value of -22 - ((18 + -44 - 0) + -20)?
24
What is the value of -5 + (7 - 24) + 9 + -26?
-39
Evaluate 28 + -24 + 6 + 11 + -11.
10
What is the value of (3 - -31) + 7 + -27 - (10 - 1)?
5
What is the value of 15 + -29 + 5 + -4 + 1 + -38?
-50
What is the value of 232 + 135 + -208 - (32 - 1)?
128
Calculate -53 - (12 - ((-19 - -42) + 10)).
-32
Evaluate 96 - -1 - ((-58 - 25) + (-10 - -95)).
95
What is the value of -10 - (0 - 5) - (-17 - -17) - (122 - 43)?
-84
15 - (1 - -51 - 6)
-31
What is (-4 - (-10 + -5)) + -17 + -12 + -4?
-22
(4 - (0 - -8)) + -6 - (138 - 146)
-2
What is 2 + 33 + (26 - 20 - (8 + -15 + 6))?
42
Evaluate -9 + -2 - -1 - (-1916 + 1865).
41
What is 30 + 0 + (85 - 8) + -110?
-3
Calculate 11 + 2 + 2 + -1877 + 1882.
20
Calculate (-33 - 0) + (-99 - -112 - -119).
99
Evaluate 4 - (34 + -64 - -44).
-10
Evaluate ((0 - -10 - (-5 - 1)) + -6 - 23) + 77.
64
What is 7 - (15 - (0 + -15 - -22))?
-1
Calculate 64 + 10 + 1 + (-12 - -11 - 8).
66
(-22 - -48) + -4 - 60
-38
Evaluate 92 - (27 - 98 - -71).
92
Evaluate (11 + 0 - 4) + -34 + (3 - 7).
-31
31 + -4 - (-48 + 23 + -4)
56
What is -100 + 1 + ((-6 - -6) + -31 - (937 - 963))?
-104
(16 - -14) + (217 - 266)
-19
Calculate 67 - ((-2 + (-3 - -2) - (-729 - -724)) + 2).
63
What is 28 - (116 - (22 + -25 + 7))?
-84
Calculate 0 + 15 + (69 - (43 + 112)).
-71
-41 - (16 - (57 + -28))
-28
-89 + -209 + 120 - -114
-64
Calculate (2 - -3) + -14 + 9 + -10 + -2 + 30.
18
Evaluate 8 - ((-1 - (0 + -20)) + (5683 - 5592)).
-102
(39 - 23) + -166 + 4 - (-10 - -7)
-143
What is the value of -6302 + 6421 + -48 + 3?
74
Evaluate (3 + -5 + -2 - (-40 + (4 - -35))) + -8.
-11
Calculate (-33 - -53) + -6 - (-11 - 0).
25
Evaluate 33 + -4 + 15 + -85.
-41
21 - (-30 - (36 - 41))
46
-5 - (-13 - (1 - (3 - 5))) - (-66 - -53)
24
(25 - 8) + (-7 - (-2 + -4)) - (-3 - -2)
17
What is -22 - (7 + -88) - 109?
-50
Evaluate -78 - -119 - 62 - 44.
-65
-244 + 343 + -173 + 10
-64
What is (56 - 8) + (-19 - -1 - (-4 - 0))?
34
Calculate (870 - 933) + 1 + -17 - 13.
-92
Calculate -149 - (20 + -84) - -68.
-17
Evaluate -466 + 492 - (5 - (17 + -7)).
31
What is the value of (-3 - (-5 + -1) - -5) + -5 - (70 - 11)?
-56
What is (-1102 - -1031) + (2 - 14)?
-83
Evaluate -12736 + 12646 + (-1 - (1 - 4 - 2)).
-86
Calculate (54 - (-1 + -2)) + 1 + (-2 - -63 - 71).
48
What is the value of (4 - -20) + (81 - 26 - 43)?
36
What is -14 + 29 - (2 + -5 + -2 - -5)?
15
Evaluate -16 + 7 + 0 + 3 + 86 + 11.
91
52 - (-3 + 3 + (-39 - -26) + 26)
39
Calculate (-35 + -4 - -1) + (5 - (-14 + 13 - -3)).
-35
What is 174 + (-154 - -38) - ((1 - 1) + -2)?
60
Calculate (-53 - -43) + (34 - 13).
11
Evaluate 3 - (-48 - (18 + (-37 - -27))).
59
5 + (-5 - 11) + (-120 - -124) + (-13 - -1)
-19
Evaluate (-9 - (2 - 2) - (114 + -1)) + 16.
-106
What is the value of 1 + 16 + (-4 - -5) - (5681 + -5553)?
-110
Evaluate 1 + (22 - 13 - -1) + (2 - 7) - -121.
127
-7195 + 7174 + (80 - (-1 + 1 - -1))
58
-7 - (-9 + 2 - -1 - 25 - (44 + -38))
30
(6 + 28 + -23 - 32 - -59) + -1 + 13
50
What is the value of 21 + (20 - 47) - (24 + -2)?
-28
Evaluate (-70 - 5) + 59 + 42.
26
Calculate (-11 - (-12 + -3 + 29 + -13)) + -46.
-58
What is -59 - (-39 + (-17 - -29))?
-32
(0 - -13) + (183 - 211) - (-13 - (-5 + -2))
-9
-12 - -9 - (-5 - (-5 - -14)) - 11 - -77
77
-6 + 71 + (-102 - -44)
7
-16 + (-6 - (-9 + 19)) + -4
-36
What is the value of -72 + 30 + (2 - 10 - -30)?
-20
What is 5 - (0 - -1) - (69 - 52 - (-5 + -85))?
-103
Evaluate (83 - 26 - 61) + -2 + 33 + 3.
30
What is the value of -5 - -24 - (-1 + -4) - (-42 - -33)?
33
(-17 - (2 + -2)) + (-9165 - -9252)
70
-4 + (3 - 10) - (81 - 135)
43
Calculate 1260 + -1253 + 1 + (-12 + 17 - (-94 - 0)).
107
9 + (10 - (-16 - -24) - -25)
36
What is -109 + (-60 - -96) + 147?
74
Evaluate (5 - ((-2 - 2) + 1 + 0)) + -11 + -16.
-19
What is 44 + -46 + 10 + 4?
12
What is 1 + -42 - ((22 - 0) + 560 + -571)?
-52
What is -4942 + 4922 - (-1 + -1 + -45)?
27
What is the value of -46 + (-143 - -159) + (-1 - 37)?
-68
What